 Let i(a) = v*a**2 + 1 + 1 - a**3 + 2*a**3. Give i(r).
2
Let y(b) = 42*b**2 - 36*b**2 - b**3 + 2 + 5 - 4*b. Determine y(5).
12
Let j be (-1095)/75 + 4/(-10). Let p be j/6 - 1/2. Let z(g) = g**3 + 3*g**2. Determine z(p).
0
Suppose 2*t - 2 = -10. Suppose 4*y - 5 + 1 = 0. Let f(k) = 5*k + k**2 - y + 2 - 2*k. Give f(t).
5
Let w(r) = -r**3 - 3*r**2 + 5*r + 6. Suppose -2*n - y = -11, -4*n - 4*y + 29 = -n. Suppose -o = -a - 5, -7 = n*a + o + 4. Calculate w(a).
2
Let y(f) = -f**2 + 3*f + 4. Let h = 11 + -8. Determine y(h).
4
Let f(y) = -y + 2. Let m be f(-1). Let k(w) = w**2 - 2*w. What is k(m)?
3
Let m(u) = -5 - 7*u - 6*u + 12*u - u**2. Determine m(0).
-5
Let c(r) be the second derivative of -r**6/720 - r**5/120 + r**4/6 + 8*r. Let z(u) be the third derivative of c(u). Suppose -2*k - 20 = 3*k. Determine z(k).
3
Let f(g) = -g + 2. Suppose 5*h + 20 = 0, -4*c = -4*h - 7 + 23. Let p = -37 + 24. Let t = c - p. Determine f(t).
-3
Let y(d) = d**2 + 4*d - 1. Let s be 580/44 - 4/22. Let l = -21 + s. Let u = 3 + l. Calculate y(u).
4
Suppose 10*g + 7 = 3*g. Let q(s) = 3*s**3 - 2*s**2 - 2*s - 1. Determine q(g).
-4
Let q = 20 - 24. Let b(f) = -27*f**2 + 17*f**2 + 3*f + f**3 + 14*f**2. Give b(q).
-12
Let p = 10 - 6. Let l(u) be the third derivative of u**5/60 - u**4/12 + u**3/3 - 19*u**2. Calculate l(p).
10
Let k(g) = -g + 8. Let f be k(6). Let u(y) = -2*y + y + 0*y + f*y. Suppose 4*v = -3*s - 0*s - 2, 12 = -4*s + 4*v. What is u(s)?
-2
Let x = 5 - 3. Let r(a) = 0*a**2 - 4 + 2*a**3 - a**2 + 2 - a. Give r(x).
8
Let a = 11 - 15. Let d(x) = -x**3 + x**2 + 2. Let v be d(0). Let m(t) = -6*t - 6 + v*t - 5*t**2 + 0*t**3 - t**3. What is m(a)?
-6
Suppose -20 = 3*f + f. Let h(x) = 6*x + 1. Let w(s) be the third derivative of 5*s**4/24 + s**3/6 + 2*s**2. Let q(t) = -6*h(t) + 7*w(t). Determine q(f).
6
Let j(x) = x**2 - x. Let o(u) be the first derivative of -2*u**3/3 + 4. Let s(y) = -j(y) - o(y). Calculate s(-3).
6
Let m(t) = -3*t**2 + 5*t + 4. Let o(y) = -2*y**2 + 3*y + 3. Let r(w) = 5*m(w) - 8*o(w). What is r(-3)?
2
Let b(m) = 2*m. Let d(u) = 4*u - 1. Let z(x) = 10*b(x) - 4*d(x). Give z(7).
32
Let b(i) = 2*i - 10. Let c(a) = -4*a + 20. Let l(f) = -7*b(f) - 4*c(f). Calculate l(7).
4
Let b(n) be the first derivative of 5*n**2/2 - 10. Give b(-1).
-5
Let o be 1*2/2 - -3. Let g(z) = -1 + 2 + o*z - z - 4*z. Suppose 0 = 3*c + 2*k - 6, 0*k = 3*c + 5*k - 15. Give g(c).
1
Let i(m) = -4*m - 15. Let g(t) = -t - 5. Let p(r) = -7*g(r) + 2*i(r). Give p(4).
1
Let i(f) be the first derivative of -f**3/3 - 3*f**2 - 2*f + 5. Determine i(-6).
-2
Suppose -4*c - 10 = -2*z, -5*z = -z - 4*c - 12. Let j(l) = z + 0 - l**2 + 5 - 5*l. Let a be ((-9)/(-3) - 5) + -3. Give j(a).
6
Let k(w) = -w**2 + 4*w + 1. Let t(b) = 1. Let h(c) = k(c) + 5*t(c). Determine h(6).
-6
Let h(u) be the first derivative of 6*u**2 + u + 57. What is h(-1)?
-11
Suppose -3*r + 0*r = 0. Suppose -2*a + 3 - 9 = r. Let v(z) = -2*z**2 - 4*z - 1. Determine v(a).
-7
Let p(v) = v - 15. Suppose -2*n + 0*n = 0. Calculate p(n).
-15
Let v(a) = a**3 + 2*a**2 - 3*a - 1. Suppose 2 = -2*d - 4. Calculate v(d).
-1
Suppose 7*i + 1 = 6*i. Let b(j) = 5 - 4 - 3*j**3 + 0*j**2 - j**2. What is b(i)?
3
Let m(r) = -r. Suppose 0 = 5*w - 2 - 8. Let u(b) = 2*b**2 - 2*b + 2. Let o be u(w). Suppose -o = -0*x - 2*x. Calculate m(x).
-3
Let g(i) = i + 8. Let u be g(-5). Let p(s) be the third derivative of 0 - 1/120*s**6 + 0*s - 2/3*s**u + 0*s**5 - s**2 + 0*s**4. Determine p(0).
-4
Let n(v) = v**3 - 4*v**2 - v + 1. Let x = -2 - -4. Suppose -7 = -2*l + i, 2*l + x*l - 13 = 3*i. What is n(l)?
-3
Let w(n) = -11*n**2 - 3. Let a(s) = -10*s**2 + s - 4. Let o(t) = -2*a(t) + 3*w(t). Give o(-1).
-12
Let k(q) be the first derivative of -q**3/3 + 9*q**2/2 - 9*q + 6. What is k(6)?
9
Let o(s) = -s - 4. Let q(c) = 5*c + 4. Let l = 11 - 13. Let w be q(l). Calculate o(w).
2
Let i(r) be the third derivative of -r**6/120 + r**5/30 + r**4/6 + r**3/2 - 7*r**2. Calculate i(-2).
11
Let n(u) be the second derivative of 1/2*u**2 + 0 + 0*u**4 + 3/10*u**5 - 5*u - 1/3*u**3. What is n(1)?
5
Suppose 5*z = -4*f + z - 28, 5*z + 27 = -f. Let m be (0 + 9)*f/(-6). Let u(v) = 3 - 2*v**2 - 4*v + v**m + 0 - 5 + 5. Give u(3).
0
Let o(v) = 9*v**2 + v - 1. Let d(s) = s + 14. Let j be d(-7). Let a(l) = j*l - 4 + 2*l**2 - l**2 + 5. Let i be a(-7). Determine o(i).
9
Let g(f) = f**2 - 8*f. Let x be g(7). Let v be -2 - (x + (-1 - 0)). Let s be (-1)/(2/(-2 + v)). Let z(i) = 3*i**2 + i - 1. What is z(s)?
9
Let i = 15 - -30. Let b be 2/(-5) - (-243)/i. Let d(n) = -3 + n**2 + b - 1 - 2*n. What is d(1)?
0
Let g(y) be the first derivative of -y**4/4 + 4*y**3/3 + y**2 - 3*y - 14. Determine g(4).
5
Suppose 0 = -0*f + 2*f - 6. Suppose -f*u = u - 8. Let z(b) = 2*b + u*b - 5 - 5*b. Determine z(0).
-5
Let l be 22/6 + (-6)/9. Suppose -4*x - c = l*c - 24, -3*c = 4*x - 20. Let g(w) = w**2 + 5 - w + 2*w**2 - x*w**2. Calculate g(0).
5
Let g = -2 - -2. Let d(t) = 3*t + 1 + g + 2 - 1. Calculate d(-2).
-4
Let i = 4 - 1. Let n(y) = 4*y**2 - 2*y - 2. Let l(c) = -13*c**2 + 5*c + 7. Let t(r) = 2*l(r) + 7*n(r). Give t(i).
6
Suppose 3*y + 3 + 4 = 2*t, -2*t + 8 = -2*y. Let o(u) be the third derivative of -u**2 + u**3 + 0 + 1/60*u**t + 0*u - 1/3*u**4. Calculate o(5).
-9
Let n be (21/4)/((-4)/16). Let c be n/(-6) + 1/(-2). Let o(u) = -2*u - c - u + 0*u. Calculate o(3).
-12
Let j = 167 - 119. Let w be 6/(-21) - j/(-21). Let a(d) = d**3 - 4*d**2 + 3*d - 3. What is a(w)?
-5
Let p(z) = 3 - 13*z**2 + 15*z**2 + z**3 + 4*z**2. Determine p(-6).
3
Let f(h) = h**2 + 2*h + 2. Let j(n) = n**2 - 8*n + 5. Let p = -1 + 8. Let u be j(p). What is f(u)?
2
Let a(w) = 2 + w - 133*w**2 + 132*w**2 - 7*w. Give a(-5).
7
Let g(d) = -d**2 - 7*d - 5. Suppose -2*b = 3*q - 9, 0 = b + b - 6. Let y = q - -1. Suppose -5 = -o + y*p, -5*p - 40 = o + 2*o. What is g(o)?
5
Suppose -5*u + 17 = -3*s - 10, 2*u - 2 = -s. Let y(v) be the third derivative of -1/8*v**4 - 1/60*v**5 - 2/3*v**u + 0*v + 0 - v**2. Give y(-3).
-4
Let c(f) = -2*f + 3 + f**3 + 0*f - 1. Suppose -4*k + 16 = 0, 2*a - 4*k + 36 = 6*a. Suppose 0 = -5*m + 10, 4*b - a*m + 6*m - 10 = 0. What is c(b)?
6
Suppose -3*q + 8*q + 35 = 0. Let z(p) = p**2 - 9*p + 3. Let w be z(8). Let l = w - q. Let o(a) = 4*a. Determine o(l).
8
Let s = 14 + -12. Let m(d) = -d**3 - d**2 - d + 2. Calculate m(s).
-12
Let r(k) = 2*k**2 - 4. Let n(y) = y**2 + y. Let g(b) = n(b) - r(b). Give g(-3).
-8
Let p(q) = q**3 + 5*q**2 + 2*q - 4. Suppose -5*r + 4*l + 23 = 0, 0 = -2*r + l + 12 - 4. Suppose r = -t - 1. What is p(t)?
4
Let k(q) be the third derivative of -q**6/120 + q**5/15 + 5*q**4/24 + q**3/3 - 15*q**2. Give k(5).
2
Let r be (-12)/20 + 13/5. Let c(h) be the first derivative of -h**4/2 + 2*h**3/3 + 2. Give c(r).
-8
Let f(p) be the first derivative of p**5/120 - p**4/6 + p**3/3 - 3. Let j(l) be the third derivative of f(l). Give j(4).
0
Let b = 10 + -17. Let w(v) = 3*v**2 + 28*v - 4. Let k(u) = -u**2 - 9*u + 1. Let q(c) = -7*k(c) - 2*w(c). Calculate q(b).
1
Suppose -5*a = -d - 31, -12 = -6*a + 3*a. Suppose 1 = -w - 7. Let g = d - w. Let n(b) = -2*b. Give n(g).
6
Let v(d) = -d**2 + 7*d + 0 - 1 + 1. What is v(7)?
0
Let z(c) be the first derivative of -c**6/360 + c**5/20 - c**4/12 - c**3 + 2. Let k(o) be the third derivative of z(o). Give k(5).
3
Let t = -118 + 112. Let v(y) = y**2 + 4*y - 8. Give v(t).
4
Let o(r) = 10*r**3 + r**2 - 2*r + 1. Let p(z) = -z**3 + 6*z**2 - 2*z - 4. Let v be p(4). Suppose -2*g + v = 3*g. Let f be g - (-5)/((-10)/6). Determine o(f).
10
Suppose 5*n - 58 = 4*u, -n - n = -2*u - 28. Suppose -28 = 2*y + 6. Let v = y - u. Let s(i) = i**2 + 3*i - 5. Determine s(v).
5
Let x(p) be the third derivative of 0*p + 1/3*p**3 + 1/60*p**5 + 0 + p**2 - 5/24*p**4. Determine x(5).
2
Let g(z) = z**3 - 3*z**2 + 2. Let n be g(3). Let s(j) = n*j**2 - j**2 - j - 3*j**2. Suppose 3*v = 5*w - 1, -w + 2*v + 0 = -3. Give s(w).
-1
Let t(r) be the second derivative of 2*r + 0*r**2 + 1/12*r**4 + 1/3*r**3 + 0. Calculate t(-2).
0
Let d(c) = -14*c - 18. Let w(v) = 5*v + 6. Let p(b) = 4*d(b) + 11*w(b). Let z be 2/(-6) + (-1)/(-3). Calculate p(z).
-6
Let s(l) = 7*l**2 - 8*l + 3. Let j(z) = -8*z**2 + 9*z - 4. Let w(y) = 5*j(y) + 6*s(y). What is w(3)?
7
Let z(a) be the first derivative of -a**2 + 14*a**3 + a**2 - 15*a**3 + a - 3. Calculate z(1).
-2
Let